15557 (base 13) to base 14
640788
What is -21809 (base 11) in base 3?
-1121100000
Convert 12020102012 (base 3) to base 5.
11244331
What is 101101100101 (base 3) in base 8?
617125
Convert -1012533 (base 8) to base 2.
-1000001010101011011
What is 10101100100001011 (base 2) in base 4?
111210023
Convert -5015213 (base 8) to base 10.
-1317515
Convert 1423422041 (base 5) to base 2.
1110001111010100100011
What is b234a (base 12) in base 8?
705152
Convert -9b37 (base 14) to base 9.
-40810
2451545 (base 6) to base 2
100000000011111001
Convert 1001101010111 (base 3) to base 15.
b073d
220967 (base 11) to base 2
1010110000100100010
What is -29532 (base 12) in base 4?
-32012312
What is -2523356 (base 7) in base 10?
-325352
-cb69c (base 13) to base 7
-3062003
Convert -23367 (base 8) to base 14.
-38c7
What is -b1c2a (base 15) in base 16?
-8972e
What is -10131324123 (base 5) in base 6?
-1011140433
Convert 12235031 (base 6) to base 11.
249949
152412555 (base 6) to base 11
189a502
What is 1311304203 (base 5) in base 8?
14242006
Convert 246cb (base 13) to base 9.
112025
What is 404315 (base 8) in base 9?
222788
What is b6833 (base 13) in base 7?
2536306
What is 854b9 (base 12) in base 2?
101010110010001101
Convert 2321013 (base 5) to base 9.
63555
Convert -531213 (base 6) to base 11.
-2a3a0
-130441202 (base 5) to base 3
-1012112011021
c6a36 (base 13) to base 8
1272421
What is 322892 (base 12) in base 10?
792686
Convert 142442203 (base 5) to base 15.
ec1d8
Convert -139909 (base 10) to base 13.
-4b8b3
Convert 5201215 (base 7) to base 14.
122b0c
What is -1723323 (base 8) in base 16?
-7a6d3
-267455 (base 8) to base 4
-112330231
364421 (base 12) to base 7
10316002
What is 139425 (base 13) in base 2?
1110100100100010000
-252442 (base 9) to base 6
-3135015
Convert -32554c (base 14) to base 9.
-3177824
What is 3084 (base 10) in base 8?
6014
Convert d83ac (base 14) to base 5.
113201400
What is 185b968 (base 14) in base 16?
b7f6b8
What is 12101222120 (base 3) in base 4?
121332312
Convert 21110002323 (base 4) to base 6.
124154443
What is -212010121022 (base 3) in base 15?
-8edab
1101111111100101001000 (base 2) to base 8
15774510
-147039 (base 13) to base 7
-4154352
2586786 (base 9) to base 10
1415634
Convert 35bbd (base 15) to base 16.
29d8b
51c137 (base 16) to base 5
2332423004
Convert 14b9b1 (base 12) to base 15.
6e55d
What is -2044410231 (base 5) in base 4?
-100120130221
Convert 9e065a (base 15) to base 14.
1005692
What is 10113032300 (base 4) in base 6?
40303012
Convert 12351242 (base 6) to base 5.
100401440
-113502120 (base 6) to base 7
-24115542
What is -ca6b89 (base 15) in base 2?
-100100110001111010000100
Convert -4331200 (base 6) to base 12.
-a3b00
Convert 716467 (base 9) to base 14.
b0a91
Convert -100100110000011001111010 (base 2) to base 6.
-542304322
490908 (base 10) to base 15
9a6c3
-d0c47d (base 14) to base 16
-6b337f
What is 1045bf (base 16) in base 3?
2000011212110
-21bc4 (base 13) to base 14
-184d4
Convert -106135 (base 9) to base 6.
-1210052
What is -34410114 (base 6) in base 2?
-100000010100000111110
ab0be5 (base 16) to base 9
23074733
107accc (base 13) to base 3
100111121112110
What is a5a02a (base 14) in base 8?
25265146
What is -73b55 (base 14) in base 10?
-279375
What is -10100202201101 (base 3) in base 2?
-110110100001011001101
What is -22221000122 (base 3) in base 13?
-61c8b
Convert 5ca541 (base 13) to base 6.
115343201
-440421133 (base 5) to base 16
-1cd296
Convert -b31d7 (base 15) to base 12.
-234457
-40044243 (base 5) to base 3
-121000212220
What is 1608377 (base 9) in base 14?
19305a
-9921287 (base 10) to base 16
-976307
Convert 191b3 (base 16) to base 5.
11242320
Convert -165232 (base 9) to base 13.
-37706
314223211 (base 5) to base 3
2111002021212
63430460 (base 7) to base 5
2333300444
b605 (base 14) to base 7
160305
Convert -1102002121 (base 3) to base 14.
-a19a
What is 1331234030 (base 5) in base 10?
3383640
21311020 (base 6) to base 16
9a254
What is 4311a (base 14) in base 5?
20141431
20451362 (base 7) to base 4
12211212011
Convert 102422342 (base 5) to base 13.
123594
Convert -13a2169 (base 11) to base 13.
-662299
-ea3d2 (base 15) to base 5
-142241442
-136081 (base 9) to base 10
-83179
Convert -856996 (base 11) to base 9.
-2518333
What is -4a6c76 (base 14) in base 8?
-11575010
What is -56609 (base 14) in base 8?
-631501
-4301 (base 16) to base 4
-10030001
Convert -2765667 (base 10) to base 8.
-12431543
-109c2 (base 16) to base 9
-113283
What is 4140429 (base 10) in base 4?
33302312031
Convert -294596 (base 10) to base 14.
-79508
-100111010100110111110 (base 2) to base 7
-13644651
What is 1541303 (base 8) in base 15?
8b435
What is 5136152 (base 7) in base 8?
2257777
Convert -3d626 (base 15) to base 10.
-197136
1000011000011 (base 2) to base 8
10303
Convert 21000243 (base 5) to base 3.
22201212110
Convert 3462553 (base 7) to base 12.
19007a
What is -108723 (base 9) in base 8?
-177675
Convert 34582 (base 14) to base 7.
1040122
10253804 (base 10) to base 11
5873920
What is -111845 (base 11) in base 8?
-533570
3dd8e (base 15) to base 13
6c650
Convert -4000234 (base 5) to base 2.
-1111010001101001
Convert 1121122200010 (base 3) to base 4.
3101301303
10355065 (base 8) to base 6
115315021
What is -246060 (base 14) in base 4?
-10300022210
What is 110001010000000100101 (base 2) in base 16?
18a025
Convert 750407 (base 11) to base 14.
2339b7
What is 101011100010100011000 (base 2) in base 12?
589788
Convert 1000112022002 (base 3) to base 2.
10000100010010101001
Convert 283ca4 (base 13) to base 11.
60a182
Convert 619d0 (base 14) to base 8.
713262
Convert 27304750 (base 8) to base 11.
3507746
What is -112031030 (base 4) in base 9?
-147682
Convert 106413 (base 10) to base 15.
217e3
20352334 (base 6) to base 13
178873
-79a1 (base 12) to base 10
-13513
Convert -6509 (base 10) to base 6.
-50045
833864 (base 9) to base 5
111314333
What is 103817 (base 14) in base 15?
ac3ea
Convert -409197 (base 10) to base 14.
-a91a5
478764 (base 11) to base 6
24130240
What is -78b39 (base 12) in base 4?
-213031131
-2155041 (base 6) to base 7
-631555
-4655272 (base 9) to base 15
-34aa75
-a07089 (base 12) to base 15
-345d66
Convert -10110111100111101 (base 2) to base 8.
-267475
Convert 241467 (base 8) to base 4.
110030313
120112302 (base 4) to base 8
302662
1002101322113 (base 4) to base 10
17374871
-1121221 (base 7) to base 8
-420702
What is 100211101 (base 4) in base 6?
1242241
1125111 (base 8) to base 3
120112101121
What is -1b15960 (base 13) in base 9?
-17754063
What is -10013301010 (base 4) in base 11?
-678791
-1100121011 (base 4) to base 9
-551622
Convert 3b0a2 (base 12) to base 9.
133515
54446056 (base 7) to base 4
101303131222
Convert 8649a (base 15) to base 7.
3423562
What is -1010200002001 (base 3) in base 14?
-119dd1
What is 479828 (base 10) in base 5?
110323303
Convert -13117154 (base 8) to base 10.
-2924140
-111151 (base 6) to base 14
-35a3
-251874 (base 11) to base 16
-61177
What is -1e401 (base 16) in base 9?
-207862
Convert -197e38 (base 16) to base 9.
-3125706
What is 2a5685 (base 11) in base 10?
475986
-16be28 (base 15) to base 10
-1103438
Convert 110303013 (base 5) to base 9.
808345
Convert -84183 (base 14) to base 13.
-b203b
Convert 1213020220 (base 4) to base 15.
8527a
What is -11121201011010 (base 3) in base 2?
-1001010111010001111110
-4036046 (base 7) to base 9
-811252
What is 3a616 (base 15) in base 9?
314453
-1780845 (base 9) to base 8
-3635111
-11001001000110010101000 (base 2) to base 5
-3141331413
Convert 24455550 (base 6) to base 2.
10111111101111011010
-14113 (base 12) to base 2
-110110010011111
What is -43273 (base 8) in base 11?
-12671
What is -3440333333 (base 5) in base 15?
-a30213
Convert 2121321233 (base 4) to base 9.
1160645
20011001220221 (base 3) to base 5
1314100110
What is 250245421 (base 6) in base 7?
55431304
What is 1200205050 (base 6) in base 7?
222232203
-2676805 (base 10) to base 9
-5028787
What is 84822 (base 10) in base 14?
22caa
What is -161718b (base 14) in base 4?
-221100033113
What is 1286070 (base 13) in base 12?
1b42b30
Convert -18ba5 (base 14) to base 12.
-30325
-2541548 (base 10) to base 4
-21230133230
What is -431032 (base 5) in base 8?
-34265
-10101000000111011001101 (base 2) to base 8
-25007315
What is -120216 (b